r when 103 is divided by t.
31
Suppose -q + 477 = 2*l + 394, q - l = 80. What is the remainder when 485 is divided by q?
80
Suppose 333 = d + 289. Calculate the remainder when 173 is divided by d.
41
Let h be 15/(-6)*(-810)/25. Let u = 135 - h. Calculate the remainder when u is divided by 14.
12
Let u(k) be the first derivative of 2*k**3/3 - 5*k**2 - 17*k - 47. Calculate the remainder when 64 is divided by u(7).
9
Calculate the remainder when 187 is divided by (14/21 - -2)/(1/12).
27
Suppose -6*z + 234 = 72. Suppose 6*t - 5*t = z. What is the remainder when 106 is divided by t?
25
Let s be ((-10)/(-15))/(1/(-66)). Let d be s/5*(-75)/(-10). Let y = -26 - d. Calculate the remainder when y is divided by 14.
12
Suppose 2*k = k + 29. Let q = -14 + k. Calculate the remainder when (-175)/(-3) + 2/3 is divided by q.
14
Let a = -195 + 219. What is the remainder when 36 is divided by a?
12
Suppose y - o = 6, -4*y + 24 = 39*o - 41*o. Let c(u) = 2*u - 8. Calculate the remainder when y is divided by c(6).
2
Let x(z) = -z**2 + 3*z + 12. Let l(c) = -c**3 + 4*c**2 + 6*c - 2. Let v be l(5). Calculate the remainder when (1 - 4)*(-32)/v is divided by x(3).
8
Suppose 0 = 24*o - 670 - 290. What is the remainder when 679 is divided by o?
39
Calculate the remainder when 954/10 + 4/(-10) is divided by 41.
13
Let r = 14 - -143. What is the remainder when r is divided by 18?
13
Suppose 3*g - 5*y - 6 = 39, -g = 2*y - 4. Let f = 137 + -78. Calculate the remainder when f is divided by g.
9
Calculate the remainder when 212 is divided by 39*(-5)/(-3) + 8.
66
Let v(m) = -m**3 - 4*m**2 - 4*m. Calculate the remainder when 11 - (11 + -10 - 51) is divided by v(-4).
13
Let r(y) = -4*y**3 + 36*y**2 + 8*y + 14. What is the remainder when 335 is divided by r(9)?
77
Let o = -1286 - -2181. Calculate the remainder when o is divided by 23.
21
Suppose -127 = -3*a - 2*w, -109 = -3*a + 3*w + 8. Calculate the remainder when 810/4 - 1/(-2) is divided by a.
39
Suppose 0 = -v + 68. Suppose 4*a - v = -q - 3*q, 3*a + 15 = 0. What is the remainder when 63 is divided by q?
19
Let j = 8 - 18. Let y(h) = 3*h + 62. Calculate the remainder when 157 is divided by y(j).
29
Let i(q) be the third derivative of q**4/3 - 7*q**3/3 + 6*q**2. What is the remainder when i(4) is divided by 4?
2
Let x be 1617/22*(-1 - 5/(-3)). Let i = 84 - x. What is the remainder when i is divided by 13?
9
Suppose -3*r = 4*t - 2097, 0 = 4*r + 5*t - 858 - 1937. Suppose -r = -13*h + 8*h. What is the remainder when h is divided by 28?
27
Suppose -13*j + 26 = 5*l - 11*j, 4*l + 5*j - 14 = 0. Calculate the remainder when l is divided by 2.
0
Suppose -j - 7 = -3*j + 5*r, 5*j - 4*r - 9 = 0. What is the remainder when (-32)/6*j/(12/(-198)) is divided by 23?
19
Let i(r) = 3*r**3 - 3*r**2 + 2*r - 4. Suppose -2*l + 2 = -4. Let y be i(l). Let n = 95 - y. What is the remainder when n is divided by 10?
9
Let g(m) = -109*m - 3. Let c be g(3). Suppose 0 = d - 0*d - 5*n - 23, 2*d + n = 13. Calculate the remainder when (1/(-2))/(11/c) is divided by d.
7
Let b(m) = m**3 - 29*m**2 + 34*m - 66. Calculate the remainder when b(28) is divided by 19.
7
Suppose -2*l - 5 - 11 = 0. Let g = 49 + l. Suppose 0 = -3*v + 2*v + 11. What is the remainder when g is divided by v?
8
Let b = 576 + -548. Calculate the remainder when 100 is divided by b.
16
Suppose 423 = 5*t + 128*f - 132*f, -2*f - 253 = -3*t. Calculate the remainder when 125 is divided by t.
42
Suppose 0*w = -2*w - 2, 0 = s + 2*w - 6. Suppose 1 = 3*l - 11. Calculate the remainder when (39/l)/(3/s) is divided by 15.
11
Let q be (-2 + 1)/(2/4). Let z = 152 - 162. What is the remainder when 15 is divided by (-58)/(-10) + q/z?
3
Suppose -4*p + 21*w = 22*w - 560, -2*w = 3*p - 420. Calculate the remainder when p is divided by 68.
4
Let h(v) = 7*v**2. Let o be h(1). Let r(g) be the second derivative of g**4/12 - 2*g**3/3 - g**2 + 9*g. Calculate the remainder when 36 is divided by r(o).
17
Suppose x + 320 = -3*x. Let f = -57 - x. Calculate the remainder when 88 is divided by f.
19
Let t(y) = y**3 + y + 1. Let v be t(0). Let f be ((-2 + 2)/(-2))/v. Suppose f = 2*a - 21 - 19. What is the remainder when 79 is divided by a?
19
Calculate the remainder when 61 is divided by ((-68)/8)/(2 + (-5)/2).
10
Suppose -4*k - 12 = 0, n = -4*n + 2*k + 46. Let h = -21 - -30. Let x(r) = r**2 - 7*r + 4. Calculate the remainder when x(h) is divided by n.
6
What is the remainder when 14 is divided by ((-3)/15 - 1)/(3/(-30))?
2
Let k(g) = g**2 + 11*g + 12. Let r be k(-10). Suppose r*o - 280 = -5*o. What is the remainder when o is divided by 7?
5
Let t(v) be the first derivative of v**4/4 + 2*v**3/3 - v**2/2 + 2*v - 3. Let f be t(-3). Calculate the remainder when (1*6)/((-6)/f) is divided by 1.
0
Let a(d) = d - 1. Let j be a(6). Suppose -5 = j*m - 10*m. Let q(g) = -2*g**2 - 11*g - 4. Calculate the remainder when m is divided by q(-5).
0
Suppose -52*q + 48 = -48*q. Let v(x) = 6*x**2. What is the remainder when q is divided by v(1)?
0
Let f = -81 - -28. Let b = 72 + f. Calculate the remainder when 64 is divided by b.
7
Suppose 5*y - 13 = -3, -j + 2*y = -110. Suppose 3*s - 4*x = 107, -4*s - 2*x + 54 + 52 = 0. Calculate the remainder when j is divided by s.
27
Suppose 5*p = 15*p - 40. Suppose p*s = 3*s + 13. What is the remainder when 38 is divided by s?
12
Let v(a) = -4*a**2 + 21*a - 10. Let w be v(8). Let j = -67 - w. Calculate the remainder when 215 is divided by j.
29
Suppose 3*z + 5*g - 1 = z, -5*g = -3*z + 64. Let i(y) = 2*y - 14. What is the remainder when 35 is divided by i(z)?
11
Let p = 1323 - 925. What is the remainder when p is divided by 10?
8
Suppose z - 7 = -m - 0*m, 0 = -3*m - z + 11. Suppose -m*a = -a + p - 33, -2*p + 4 = 0. Calculate the remainder when a is divided by 8.
7
What is the remainder when 37 is divided by (48 - -1)*1*(-4)/(-14)?
9
Let v(x) = 23*x - 110. Calculate the remainder when 515 is divided by v(8).
71
Let k(g) = 2*g**2 - 4*g - 4. Let h be k(4). Suppose 9*o - 12*o = -h. Calculate the remainder when 10 is divided by o.
2
Suppose k - 3*t = -0*t + 2, -3*k = 2*t - 6. Calculate the remainder when (-2)/(6/(-9)) + -1 is divided by k.
0
Suppose -13*p + 123 = -3582. What is the remainder when p is divided by 73?
66
Let j(f) = f**2 + 8*f - 4. Let a be j(-10). Calculate the remainder when 37 is divided by -2 + (a - -4) - -1.
18
Let u = 46 - 2. What is the remainder when 218 is divided by u?
42
Let m(w) = w**3 - 15*w**2 + 13*w + 25. Let i(t) = -t**3 - 6*t**2 + 7*t - 8. Calculate the remainder when i(-8) is divided by m(14).
9
Let b(r) = -3*r**3 - r**2. Let y be b(1). Let s(k) = 2*k**2 + 7*k + 1. Calculate the remainder when s(5) is divided by y/10 + (-2499)/(-85).
28
Suppose -w + 2*f + 9 = 0, -5*f = -w + 3*w + 27. Calculate the remainder when (2 - 12)/w*1 is divided by 3/12 + (-46)/(-8).
4
Let r = -6 + 36. What is the remainder when r is divided by -11*(-4 - -3)*1?
8
Let q = 480 + -457. Calculate the remainder when q is divided by 6.
5
Suppose l = 1 + 9. Let r = 31 - l. Suppose 121 = 2*o - 0*o - u, -4*u = -5*o + 304. What is the remainder when o is divided by r?
18
Let h = 5 - 2. Let f be h*(-3)/(-18)*0. Suppose -5*l - 2*c + 32 + 123 = f, -3*l - 2*c + 93 = 0. Calculate the remainder when l is divided by 17.
14
Let u(o) = -4*o**3 + o**2 - o - 1. Suppose 0 = 18*c + 62 - 278. What is the remainder when c is divided by u(-1)?
2
Let z(a) = 2*a**2 - 15*a - 13. Let f be z(11). Suppose 0 = 3*d + d - f. What is the remainder when ((-4)/4 - 1) + d is divided by 3?
2
What is the remainder when 569 - (8/(-44) + (-810)/(-99)) is divided by 138?
9
Let f(l) = 2*l**2 + l - 2. Let j(w) = w**3 + 15*w**2 - w - 19. Let h be j(-15). Calculate the remainder when 129 is divided by f(h).
25
Let n(m) = -m + 13. Let y = 80 + -75. What is the remainder when n(4) is divided by y?
4
Let y = -16 + 20. Suppose -5*t = y - 39. Let k = -3 + 5. Calculate the remainder when t is divided by k.
1
Let f(z) = -z**3 - z**2 + 2*z + 5. Let a be f(0). Suppose -4 = -0*b - 2*b - a*l, b = 5*l + 32. What is the remainder when 32 is divided by b?
8
Let u = 22 - 31. Let x(t) = 2*t**2 + 37*t + 189. Calculate the remainder when x(-7) is divided by (-88)/(-6) - 3/u.
13
Let a(c) = 4*c - 1. Calculate the remainder when -3*((-736)/64 - (-3)/(-2)) is divided by a(4).